54. Give y(17).
-3
Let z(u) = -3*u**3 + 22*u**2 - 4*u - 17. Determine z(7).
4
Let k(z) = z**2 - 18*z + 13. Determine k(19).
32
Let r(y) = -14*y - 50. Give r(-9).
76
Let l(d) = d**3 - 8*d**2 + 13*d + 12. Calculate l(4).
0
Let v(m) = 28*m + 58. What is v(-4)?
-54
Let o(j) = j**2 + 8*j. Calculate o(-5).
-15
Let h(r) = -r**3 - 4*r**2 + 7*r + 5. What is h(-5)?
-5
Let n(o) = -23*o - 39. What is n(-5)?
76
Let x(w) = 10*w**2 - 4*w + 3. Determine x(2).
35
Let w(p) = -4*p - 9. Calculate w(-10).
31
Let v(b) = b**3 + 15*b**2 - b - 26. Determine v(-15).
-11
Let d(g) = g**2 + 10*g + 21. Determine d(-7).
0
Let q(f) = 6*f - 77. What is q(12)?
-5
Let u(s) = -2*s**2 + 13*s + 13. Determine u(9).
-32
Let b(r) = r - 5. Give b(17).
12
Let a(x) = -x**2 + 41*x - 326. Determine a(30).
4
Let k(p) = p**2 + 7*p + 9. Determine k(-7).
9
Let o(s) = s + 12. Determine o(-7).
5
Let x(m) = 11*m - 3. Determine x(5).
52
Let q(t) = t**3 - 9*t**2 + 10*t + 7. What is q(8)?
23
Let l(s) = -s**3 + 3*s**2 + 16*s + 3. Give l(6).
-9
Let m(o) = -10*o + 1. What is m(5)?
-49
Let x(b) = 2*b**3 - b**2 - 2*b - 6. Give x(3).
33
Let s(p) = -p**2 - 12*p. Give s(-2).
20
Let s(v) = v**3 + 5*v**2 - 21*v + 8. Calculate s(-8).
-16
Let a(r) = -6*r + 124. Calculate a(21).
-2
Let w(a) = 2*a + 10. Calculate w(5).
20
Let g(b) = 4*b**2 - 2*b. Calculate g(1).
2
Let p(d) = 4*d - 67. What is p(16)?
-3
Let w(d) = -3*d + 26. Give w(0).
26
Let d(l) = l - 10. Determine d(7).
-3
Let x(y) = 3*y + 4. Determine x(-4).
-8
Let n(o) = 7*o**2 + o - 1. Calculate n(1).
7
Let x(v) = -3*v**2 + 68*v + 23. Determine x(23).
0
Let r(a) = a**3 + 16*a**2 + 3*a + 56. Give r(-16).
8
Let h(g) = -g**2 - 26*g - 53. What is h(-24)?
-5
Let o(q) = -7*q + 25. Give o(2).
11
Let k(n) = 3*n + 4. Calculate k(-1).
1
Let z(x) = x**2 + 16*x + 44. Calculate z(-13).
5
Let k(a) = -71*a - 425. Calculate k(-6).
1
Let f(k) = -k**3 + 13*k**2 + 17*k - 20. Give f(14).
22
Let y(i) = i**2 - 3*i - 54. Determine y(-8).
34
Let s(d) = -d**2 + 15*d - 41. Give s(11).
3
Let k(i) = i**3 + 4*i**2 - 7*i - 10. What is k(-4)?
18
Let c(r) = 6*r**3 - r**2 - 4*r - 3. Determine c(-1).
-6
Let c(i) = 66*i - 157. Calculate c(3).
41
Let q(a) = -39*a - 113. Calculate q(-3).
4
Let p(u) = 60*u**3 + u**2 - 1. Determine p(1).
60
Let j(a) = 18*a - 310. Give j(17).
-4
Let l(m) = m**3 - 7*m**2 + m - 9. What is l(7)?
-2
Let l(c) = 2*c**2 + 2*c - 5. What is l(-4)?
19
Let s(r) = -r**2 - 6*r - 8. Determine s(-5).
-3
Let a(l) = l - 49. Calculate a(-17).
-66
Let n(i) = -5*i**3 - 2*i**2 + 4*i + 1. Calculate n(-2).
25
Let u(a) = -11*a + 163. Determine u(16).
-13
Let h(k) = -2*k - 34. Give h(0).
-34
Let d(l) = -l**3 - 5*l**2 - 7*l - 7. Calculate d(-5).
28
Let c(f) = -f**3 - 10*f**2 + 8*f - 9. Calculate c(-11).
24
Let q(d) = 14*d**2 + 223*d - 15. Determine q(-16).
1
Let r(f) = f**2 + 8*f - 8. Give r(1).
1
Let x(v) = -v**3 + 2*v**2 - 6*v - 3. Give x(4).
-59
Let g(j) = -j + 31. Determine g(9).
22
Let q(w) = -4*w - 14. Determine q(-5).
6
Let b(m) = -m**2 + 12*m - 5. Calculate b(11).
6
Let j(w) = 2*w - 23. Determine j(11).
-1
Let a(r) = 29*r - 36. Determine a(1).
-7
Let k(f) = -2*f**2 + 4*f - 4. What is k(3)?
-10
Let q(j) = j**2 + 9*j + 25. What is q(-5)?
5
Let w(o) = o**2 - 2*o + 12. Give w(2).
12
Let p(c) = 5*c**3 - 2*c**2 + c + 1. Determine p(1).
5
Let k(z) = z**2 + 52*z - 228. Calculate k(4).
-4
Let z(v) = 8*v - 6. Calculate z(-10).
-86
Let z(r) = -r**2 - 3. Give z(3).
-12
Let p(m) = m**2 + 12*m - 2. Give p(-13).
11
Let d(x) = 20*x - 40. What is d(2)?
0
Let y(f) = 5*f + 32. What is y(-9)?
-13
Let x(r) = r**3 + r**2 - 7*r + 3. Give x(3).
18
Let l(n) = -5*n**2 - 27*n + 16. Give l(-5).
26
Let p(b) = -86*b**3 + b**2 - b + 1. Calculate p(1).
-85
Let z(h) = -5*h + 16. Give z(13).
-49
Let w(s) = s**3 - 8*s**2 - 24*s + 33. What is w(10)?
-7
Let h(w) = -w**3 + 2*w**2 + 14*w + 3. Calculate h(5).
-2
Let i(g) = 25*g**3 + 1. Calculate i(1).
26
Let q(a) = -a**3 + 7*a**2 - 6*a + 1. What is q(6)?
1
Let y(s) = -2*s**2 + 39*s - 44. Give y(18).
10
Let d(k) = -k**2 + 9*k - 14. Determine d(7).
0
Let u(y) = -y**2 - 8*y + 26. Determine u(-11).
-7
Let x(j) = -42*j + 1. Give x(1).
-41
Let u(g) = -g**2 + 11*g + 24. Calculate u(13).
-2
Let v(l) = -l**2 + 16*l + 9. Give v(17).
-8
Let s(u) = u - 3. What is s(6)?
3
Let i(u) = -u**3 - 8*u**2 + 8*u - 10. Give i(-9).
-1
Let z(a) = a**2 - 23*a - 5. Calculate z(6).
-107
Let x(a) = a**3 - 13*a**2 + 13*a - 3. Give x(12).
9
Let j(c) = -5*c**2 - 6*c + 6. What is j(-5)?
-89
Let q(r) = -r**3 - 40*r**2 - 38*r + 29. Determine q(-39).
-10
Let x(s) = s**3 + 5*s**2 + s + 8. Give x(-5).
3
Let x(o) = o**2 + 16*o + 15. Determine x(-17).
32
Let a(o) = -4*o + 100. Determine a(22).
12
Let b(m) = 3*m**2 + 33*m - 2. Calculate b(-12).
34
Let a(w) = -2*w**3 - 11*w**2 + 9*w + 1. Calculate a(-6).
-17
Let x(u) = u**2 + 9*u - 6. Calculate x(-12).
30
Let c(b) = 2*b + 3. What is c(1)?
5
Let t(m) = m**2 + 2*m - 13. Determine t(-5).
2
Let c(i) = -i**2 + 10*i - 6. What is c(6)?
18
Let s(k) = -2*k**2 - 9*k + 11. Determine s(-6).
-7
Let o(h) = 2*h**2 + 7*h - 9. What is o(4)?
51
Let q(x) = 2*x**2 + 32*x + 40. What is q(-14)?
-16
Let j(h) = h**2 - 3*h - 44. Calculate j(7).
-16
Let h(r) = r**2 + 11*r - 37. Give h(-10).
-47
Let u(g) = 8*g**3 + g**2 + 2*g - 4. Calculate u(1).
7
Let t(w) = -2*w - 5. What is t(6)?
-17
Let x(h) = 4*h**3 + 2*h**2 - 6*h + 6. Calculate x(2).
34
Let d(s) = -s**2 - s + 5. Give d(3).
-7
Let g(q) = -3*q + 10. Calculate g(0).
10
Let f(g) = 4*g**3 - 2*g - 2. Calculate f(-1).
-4
Let s(q) = q**3 - 7*q**2 - 25*q + 38. Calculate s(9).
-25
Let v(d) = d**3 - 5*d**2 - 8*d + 58. What is v(4)?
10
Let b(z) = -z**2 - 4*z - 3. What is b(-5)?
-8
Let w(g) = -10*g - 11. Calculate w(-5).
39
Let s(f) = -f**3 + 7*f**2 - 4*f - 6. Give s(6).
6
Let j(l) = 3*l + 9. What is j(-5)?
-6
Let c(k) = k**2 + 34*k - 242. Determine c(-40).
-2
Let j(b) = b**3 + 5*b**2 - 6*b - 7. Calculate j(-6).
-7
Let d(p) = -p**3 + 4*p**2 + 3*p - 6. Calculate d(4).
6
Let i(p) = -16*p - 45. Determine i(-5).
35
Let w(j) = -j**3 + 9*j**2 + 7*j + 14. Determine w(10).
-16
Let g(t) = t + 10. Determine g(-11).
-1
Let q(o) = -o + 13. Calculate q(13).
0
Let r(i) = i**2 - 12*i + 11. Determine r(9).
-16
Let z(y) = -17*y + 50. Determine z(3).
-1
Let j(r) = 2*r + 36. Give j(-18).
0
Let j(t) = -2*t**2 + 46*t + 13. What is j(20)?
133
Let w(i) = 18*i + 2. Give w(-1).
-16
Let s(d) = 5*d**2 + 2. Give s(3).
47
Let j(c) = -17*c**2 - 4*c - 8. What is j(-2)?
-68
Let x(j) = j - 5. Give x(-2).
-7
Let x(g) = g**2 + 2*g - 2. What is x(-2)?
-2
Let j(d) = 5*d - 59. Calculate j(13).
6
Let a(t) = -3*t**2 + 43*t + 15. Give a(14).
29
Let u(l) = -17*l - 82. What is u(-6)?
20
Let j(q) = q**2 - 3*q. Calculate j(5).
10
Let u(o) = -o**2 - 11*o + 89. What is u(-17)?
-13
Let s(x) = -x**3 + 7*x**2 + 11*x - 12. Calculate s(8).
12
Let z(n) = n**3 + n**2 - 2*n + 1. Determine z(3).
31
Let z(c) = c + 30. Determine z(-14).
16
Let p(y) = 2*y + 27. Calculate p(-16).
-5
Let s(q) = 116*q**2 + 2. What is s(1)?
118
Let d(r) = -r**3 - r**2 + r + 1. Determine d(0).
1
Let y(x) = -x**3 + 7*x**2 - 8*x + 12. What is y(6)?
0
Let u(z) = -4*z - 12. Determine u(-4).
4
Let n(a) = -5*a - 17. Calculate n(-3).
-2
Let j(l) = -2*l**3 - l - 3. Give j(3).
-60
Let f(v) = -39*v**3. What is f(-1)?
39
Let w(d) = d**2 - 10*d - 20. What is w(12)?
4
Let s(i) = i + 27. What is s(-11)?
16
Let o(d) = -d**3 - 6*d**2 - 6*d - 10. Determine o(-4).
-18
Let a(k) = -k**2 + 13*k - 16. Give a(12).
-4
Let o(m) = 2*m**2 + m + 3. Calculate o(4).
39
Let z(s) = -14*s - 56. Calculate z(-4).
0
Let u(m) = -m**3 + 13*m**2 - 16. Give u(13).
-16
Let s(g) = -g**2 - 4*g - 2. Determine s(-4).
-2
Let n(k) = k**3 + 37*k**2 + 31*k - 181. Give n(-36).
-1
Let z(k) = -3*k + 20. Calculate z(13).
-19
Let d(g) = g**2 + 19*g - 19. Give d(-19).
-19
Let i(w) = -w**2 + 9*w + 15. Calculate i(9).
15
Let u(k) = -k**2 + 14*k - 8. Calculate u(8).
40
Let q(g) = -2*g**2 - 24*g - 18. Determine q(-11).
4
Let k(p) = p**3 + 5*p**2 - 2*p + 8. What is k(-5)?
18
Let y(r) = 2*r**2 + 11*r + 10. What is y(-3)?
-5
Let q(z) = -5*z**2 + 67*z + 38. Give q(14).
-4
Let t(h) = -h - 2. Determine t(0).
-2
Let p(f) = -f**2 - 12*f + 220. What is p(10)?
0
Let o(p) = p**3 + 18*p**2 + 15*p - 40. Give o(-17).
-6
Let t(w) = -w**3 - 3*w**2 + 12*w + 5. What is t(-6)?
41
Let v(w) = -w**